{"id":17,"date":"2018-06-09T11:26:31","date_gmt":"2018-06-09T09:26:31","guid":{"rendered":"http:\/\/corsediet.fr\/?page_id=17"},"modified":"2026-02-05T19:49:26","modified_gmt":"2026-02-05T18:49:26","slug":"accueil","status":"publish","type":"page","link":"https:\/\/corsediet.fr\/","title":{"rendered":""},"content":{"rendered":"\t\t<div data-elementor-type=\"wp-page\" data-elementor-id=\"17\" class=\"elementor elementor-17\">\n\t\t\t\t\t\t<section class=\"elementor-section elementor-top-section elementor-element elementor-element-11bdf5e3 elementor-section-boxed elementor-section-height-default elementor-section-height-default\" data-id=\"11bdf5e3\" data-element_type=\"section\" data-e-type=\"section\">\n\t\t\t\t\t\t<div class=\"elementor-container elementor-column-gap-default\">\n\t\t\t\t\t<div class=\"elementor-column elementor-col-100 elementor-top-column elementor-element elementor-element-41736a80\" data-id=\"41736a80\" data-element_type=\"column\" data-e-type=\"column\">\n\t\t\t<div class=\"elementor-widget-wrap elementor-element-populated\">\n\t\t\t\t\t\t<div class=\"elementor-element elementor-element-72156363 elementor-widget elementor-widget-text-editor\" data-id=\"72156363\" data-element_type=\"widget\" data-e-type=\"widget\" data-widget_type=\"text-editor.default\">\n\t\t\t\t<div class=\"elementor-widget-container\">\n\t\t\t\t\t\t\t\t\t<h1 id=\"h.p_M1dnavTGI3xC\" class=\"zfr3Q JYVBee\"><span dir=\"auto\" style=\"vertical-align: inherit;\"><span dir=\"auto\" style=\"vertical-align: inherit;\">R\u00e9concilier Alimentation, Forme et Plaisir !<\/span><\/span><\/h1><p>\u00a0<\/p><h2><span dir=\"auto\" style=\"vertical-align: inherit;\"><span dir=\"auto\" style=\"vertical-align: inherit;\">Vous d\u00e9sirez :<\/span><\/span><\/h2><ul><li><h4><span dir=\"auto\" style=\"vertical-align: inherit;\"><span dir=\"auto\" style=\"vertical-align: inherit;\">Perdre du poids ou tout simplement retrouver votre silhouette,<\/span><\/span><\/h4><\/li><li><h4><span dir=\"auto\" style=\"vertical-align: inherit;\"><span dir=\"auto\" style=\"vertical-align: inherit;\">\u00catre en meilleure forme<\/span><\/span><\/h4><\/li><li><h4><span dir=\"auto\" style=\"vertical-align: inherit;\"><span dir=\"auto\" style=\"vertical-align: inherit;\">Am\u00e9liorer vos analyses sanguines (cholest\u00e9rol, diab\u00e8te, goutte&#8230;)<\/span><\/span><\/h4><\/li><li><h4><span dir=\"auto\" style=\"vertical-align: inherit;\"><span dir=\"auto\" style=\"vertical-align: inherit;\">Avoir une Alimentation Savoureuse tout en gardant la ligne<\/span><\/span><\/h4><\/li><li><h4><span dir=\"auto\" style=\"vertical-align: inherit;\"><span dir=\"auto\" style=\"vertical-align: inherit;\">R\u00e9apprendre \u00e0 manger en vous faisant plaisir<\/span><\/span><\/h4><\/li><li><h4><span dir=\"auto\" style=\"vertical-align: inherit;\"><span dir=\"auto\" style=\"vertical-align: inherit;\">B\u00e9n\u00e9ficier de Conseils Di\u00e9t\u00e9tiques personnalis\u00e9s \u00e9tablis par un Professionnel de l&#8217;Alimentation<\/span><\/span><\/h4><\/li><li><h4><span dir=\"auto\" style=\"vertical-align: inherit;\"><span dir=\"auto\" style=\"vertical-align: inherit;\">Avoir des conseils sur l&#8217;alimentation et sur les bonnes habitudes \u00e0 avoir<\/span><\/span><\/h4><\/li><li><h4><span dir=\"auto\" style=\"vertical-align: inherit;\"><span dir=\"auto\" style=\"vertical-align: inherit;\">Avoir un Suivi, une \u00c9coute, un Soutien dans votre d\u00e9marche.<\/span><\/span><\/h4><\/li><\/ul><h2>\u00a0<\/h2><p>\u00a0<\/p><h2><span dir=\"auto\" style=\"vertical-align: inherit;\"><span dir=\"auto\" style=\"vertical-align: inherit;\">Les bons r\u00e9flexes :<\/span><\/span><\/h2><ul><li><h4><span dir=\"auto\" style=\"vertical-align: inherit;\"><span dir=\"auto\" style=\"vertical-align: inherit;\">\u00a0Apprendre \u00e0 conna\u00eetre votre corps et ses besoins<\/span><\/span><\/h4><\/li><li><h4><span dir=\"auto\" style=\"vertical-align: inherit;\"><span dir=\"auto\" style=\"vertical-align: inherit;\">Le r\u00e9\u00e9quilibrage alimentaire n&#8217;est pas synonyme de privation et de contrainte<\/span><\/span><\/h4><\/li><li><h4><span dir=\"auto\" style=\"vertical-align: inherit;\"><span dir=\"auto\" style=\"vertical-align: inherit;\">Apprenez tout de la di\u00e9t\u00e9tique et de la nutrition, \u00e9coutez votre corps, et privil\u00e9giez le long terme !<\/span><\/span><\/h4><\/li><\/ul><h4>\u00a0<\/h4><h2>\u00a0<\/h2><p>\u00a0<\/p><div class=\"ls-wrapper ls-in-out\"><div class=\"ls-wrapper ls-in-out\"><h2 style=\"text-align: center;\"><span dir=\"auto\" style=\"vertical-align: inherit;\"><span dir=\"auto\" style=\"vertical-align: inherit;\">Dipl\u00f4m\u00e9e d&#8217;\u00c9tat, avec 20 ans d&#8217;exp\u00e9riences, je mets \u00e0 votre disposition mes comp\u00e9tences pour qu&#8217;ensemble nous trouvions <\/span><\/span><strong><span dir=\"auto\" style=\"vertical-align: inherit;\"><span dir=\"auto\" style=\"vertical-align: inherit;\">votre solution<\/span><\/span><\/strong><span dir=\"auto\" style=\"vertical-align: inherit;\"><span dir=\"auto\" style=\"vertical-align: inherit;\"> !<\/span><\/span><\/h2><\/div><\/div>\t\t\t\t\t\t\t\t<\/div>\n\t\t\t\t<\/div>\n\t\t\t\t\t<\/div>\n\t\t<\/div>\n\t\t\t\t\t<\/div>\n\t\t<\/section>\n\t\t\t\t<\/div>\n\t\t","protected":false},"excerpt":{"rendered":"<p>R\u00e9concilier Alimentation, Forme et Plaisir ! \u00a0 Vous d\u00e9sirez : Perdre du poids ou tout simplement retrouver votre silhouette, \u00catre en meilleure forme Am\u00e9liorer vos analyses sanguines (cholest\u00e9rol, diab\u00e8te, goutte&#8230;) Avoir une Alimentation Savoureuse tout en gardant la ligne R\u00e9apprendre \u00e0 manger en vous faisant plaisir B\u00e9n\u00e9ficier de Conseils Di\u00e9t\u00e9tiques personnalis\u00e9s \u00e9tablis par un Professionnel&#8230;<\/p>\n","protected":false},"author":1,"featured_media":0,"parent":0,"menu_order":0,"comment_status":"closed","ping_status":"closed","template":"","meta":{"footnotes":""},"class_list":["post-17","page","type-page","status-publish","hentry"],"_links":{"self":[{"href":"https:\/\/corsediet.fr\/index.php?rest_route=\/wp\/v2\/pages\/17","targetHints":{"allow":["GET"]}}],"collection":[{"href":"https:\/\/corsediet.fr\/index.php?rest_route=\/wp\/v2\/pages"}],"about":[{"href":"https:\/\/corsediet.fr\/index.php?rest_route=\/wp\/v2\/types\/page"}],"author":[{"embeddable":true,"href":"https:\/\/corsediet.fr\/index.php?rest_route=\/wp\/v2\/users\/1"}],"replies":[{"embeddable":true,"href":"https:\/\/corsediet.fr\/index.php?rest_route=%2Fwp%2Fv2%2Fcomments&post=17"}],"version-history":[{"count":12,"href":"https:\/\/corsediet.fr\/index.php?rest_route=\/wp\/v2\/pages\/17\/revisions"}],"predecessor-version":[{"id":355,"href":"https:\/\/corsediet.fr\/index.php?rest_route=\/wp\/v2\/pages\/17\/revisions\/355"}],"wp:attachment":[{"href":"https:\/\/corsediet.fr\/index.php?rest_route=%2Fwp%2Fv2%2Fmedia&parent=17"}],"curies":[{"name":"wp","href":"https:\/\/api.w.org\/{rel}","templated":true}]}}